{"id":5823,"date":"2026-04-18T12:44:24","date_gmt":"2026-04-18T12:44:24","guid":{"rendered":"https:\/\/www.yoreselgidapazari.com\/?post_type=product&#038;p=5823"},"modified":"2026-04-18T12:44:24","modified_gmt":"2026-04-18T12:44:24","slug":"domatesli-biberli-eriste","status":"publish","type":"product","link":"https:\/\/www.yoreselgidapazari.com\/?product=domatesli-biberli-eriste","title":{"rendered":"Domatesli \/ Biberli Eri\u015fte"},"content":{"rendered":"<p><b data-path-to-node=\"1,0,0\" data-index-in-node=\"0\">Domatesli \/ Biberli Eri\u015fte:<\/b> \u00d6n plandaki daha turuncu ve canl\u0131 renkli olan paketler, hamuruna domates sal\u00e7as\u0131 veya kapya biber p\u00fcresi eklenmi\u015f eri\u015ftelerdir.<\/p>\n<p>Genel olarak bu paketlere <b data-path-to-node=\"2\" data-index-in-node=\"26\">&#8220;K\u00f6y Usul\u00fc Kesme Eri\u015fte&#8221;<\/b> denilmektedir. Tamamen kurutulmu\u015f olduklar\u0131 i\u00e7in uzun \u00f6m\u00fcrl\u00fcd\u00fcrler ve besleyici de\u011ferleri y\u00fcksektir.<\/p>\n","protected":false},"excerpt":{"rendered":"<p>Domatesli \/ Biberli Eri\u015fte: \u00d6n plandaki daha turuncu ve canl\u0131 renkli olan paketler, hamuruna domates sal\u00e7as\u0131 veya kapya biber p\u00fcresi eklenmi\u015f eri\u015ftelerdir. Genel olarak bu paketlere &#8220;K\u00f6y Usul\u00fc Kesme Eri\u015fte&#8221; denilmektedir. Tamamen kurutulmu\u015f olduklar\u0131 i\u00e7in uzun \u00f6m\u00fcrl\u00fcd\u00fcrler ve besleyici de\u011ferleri y\u00fcksektir.<\/p>\n","protected":false},"featured_media":5824,"comment_status":"open","ping_status":"closed","template":"","meta":{"_uag_custom_page_level_css":"","site-sidebar-layout":"default","site-content-layout":"","ast-site-content-layout":"default","site-content-style":"default","site-sidebar-style":"default","ast-global-header-display":"","ast-banner-title-visibility":"","ast-main-header-display":"","ast-hfb-above-header-display":"","ast-hfb-below-header-display":"","ast-hfb-mobile-header-display":"","site-post-title":"","ast-breadcrumbs-content":"","ast-featured-img":"","footer-sml-layout":"","ast-disable-related-posts":"","theme-transparent-header-meta":"default","adv-header-id-meta":"","stick-header-meta":"","header-above-stick-meta":"","header-main-stick-meta":"","header-below-stick-meta":"","astra-migrate-meta-layouts":"set","ast-page-background-enabled":"default","ast-page-background-meta":{"desktop":{"background-color":"","background-image":"","background-repeat":"repeat","background-position":"center center","background-size":"auto","background-attachment":"scroll","background-type":"","background-media":"","overlay-type":"","overlay-color":"","overlay-opacity":"","overlay-gradient":""},"tablet":{"background-color":"","background-image":"","background-repeat":"repeat","background-position":"center center","background-size":"auto","background-attachment":"scroll","background-type":"","background-media":"","overlay-type":"","overlay-color":"","overlay-opacity":"","overlay-gradient":""},"mobile":{"background-color":"","background-image":"","background-repeat":"repeat","background-position":"center center","background-size":"auto","background-attachment":"scroll","background-type":"","background-media":"","overlay-type":"","overlay-color":"","overlay-opacity":"","overlay-gradient":""}},"ast-content-background-meta":{"desktop":{"background-color":"var(--ast-global-color-5)","background-image":"","background-repeat":"repeat","background-position":"center center","background-size":"auto","background-attachment":"scroll","background-type":"","background-media":"","overlay-type":"","overlay-color":"","overlay-opacity":"","overlay-gradient":""},"tablet":{"background-color":"var(--ast-global-color-5)","background-image":"","background-repeat":"repeat","background-position":"center center","background-size":"auto","background-attachment":"scroll","background-type":"","background-media":"","overlay-type":"","overlay-color":"","overlay-opacity":"","overlay-gradient":""},"mobile":{"background-color":"var(--ast-global-color-5)","background-image":"","background-repeat":"repeat","background-position":"center center","background-size":"auto","background-attachment":"scroll","background-type":"","background-media":"","overlay-type":"","overlay-color":"","overlay-opacity":"","overlay-gradient":""}}},"product_brand":[],"product_cat":[25,15,24],"product_tag":[],"class_list":{"0":"post-5823","1":"product","2":"type-product","3":"status-publish","4":"has-post-thumbnail","6":"product_cat-eriste-makarnalar","7":"product_cat-genel","8":"product_cat-yoresel-urunler","9":"desktop-align-center","10":"tablet-align-center","11":"mobile-align-center","13":"first","14":"instock","15":"shipping-taxable","16":"purchasable","17":"product-type-simple"},"uagb_featured_image_src":{"full":["https:\/\/www.yoreselgidapazari.com\/wp-content\/uploads\/2026\/04\/WhatsApp-Image-2026-04-10-at-06.50.30-1.jpeg",899,1599,false],"thumbnail":["https:\/\/www.yoreselgidapazari.com\/wp-content\/uploads\/2026\/04\/WhatsApp-Image-2026-04-10-at-06.50.30-1-150x150.jpeg",150,150,true],"medium":["https:\/\/www.yoreselgidapazari.com\/wp-content\/uploads\/2026\/04\/WhatsApp-Image-2026-04-10-at-06.50.30-1-169x300.jpeg",169,300,true],"medium_large":["https:\/\/www.yoreselgidapazari.com\/wp-content\/uploads\/2026\/04\/WhatsApp-Image-2026-04-10-at-06.50.30-1-768x1366.jpeg",768,1366,true],"large":["https:\/\/www.yoreselgidapazari.com\/wp-content\/uploads\/2026\/04\/WhatsApp-Image-2026-04-10-at-06.50.30-1-576x1024.jpeg",576,1024,true],"1536x1536":["https:\/\/www.yoreselgidapazari.com\/wp-content\/uploads\/2026\/04\/WhatsApp-Image-2026-04-10-at-06.50.30-1-864x1536.jpeg",864,1536,true],"2048x2048":["https:\/\/www.yoreselgidapazari.com\/wp-content\/uploads\/2026\/04\/WhatsApp-Image-2026-04-10-at-06.50.30-1.jpeg",899,1599,false],"woocommerce_thumbnail":["https:\/\/www.yoreselgidapazari.com\/wp-content\/uploads\/2026\/04\/WhatsApp-Image-2026-04-10-at-06.50.30-1-300x300.jpeg",300,300,true],"woocommerce_single":["https:\/\/www.yoreselgidapazari.com\/wp-content\/uploads\/2026\/04\/WhatsApp-Image-2026-04-10-at-06.50.30-1-600x1067.jpeg",600,1067,true],"woocommerce_gallery_thumbnail":["https:\/\/www.yoreselgidapazari.com\/wp-content\/uploads\/2026\/04\/WhatsApp-Image-2026-04-10-at-06.50.30-1-100x100.jpeg",100,100,true]},"uagb_author_info":{"display_name":"yoreselgida","author_link":"https:\/\/www.yoreselgidapazari.com\/?author=0"},"uagb_comment_info":0,"uagb_excerpt":"Domatesli \/ Biberli Eri\u015fte: \u00d6n plandaki daha turuncu ve canl\u0131 renkli olan paketler, hamuruna domates sal\u00e7as\u0131 veya kapya biber p\u00fcresi eklenmi\u015f eri\u015ftelerdir. Genel olarak bu paketlere &#8220;K\u00f6y Usul\u00fc Kesme Eri\u015fte&#8221; denilmektedir. Tamamen kurutulmu\u015f olduklar\u0131 i\u00e7in uzun \u00f6m\u00fcrl\u00fcd\u00fcrler ve besleyici de\u011ferleri y\u00fcksektir.","jetpack_sharing_enabled":true,"_links":{"self":[{"href":"https:\/\/www.yoreselgidapazari.com\/index.php?rest_route=\/wp\/v2\/product\/5823","targetHints":{"allow":["GET"]}}],"collection":[{"href":"https:\/\/www.yoreselgidapazari.com\/index.php?rest_route=\/wp\/v2\/product"}],"about":[{"href":"https:\/\/www.yoreselgidapazari.com\/index.php?rest_route=\/wp\/v2\/types\/product"}],"replies":[{"embeddable":true,"href":"https:\/\/www.yoreselgidapazari.com\/index.php?rest_route=%2Fwp%2Fv2%2Fcomments&post=5823"}],"wp:featuredmedia":[{"embeddable":true,"href":"https:\/\/www.yoreselgidapazari.com\/index.php?rest_route=\/wp\/v2\/media\/5824"}],"wp:attachment":[{"href":"https:\/\/www.yoreselgidapazari.com\/index.php?rest_route=%2Fwp%2Fv2%2Fmedia&parent=5823"}],"wp:term":[{"taxonomy":"product_brand","embeddable":true,"href":"https:\/\/www.yoreselgidapazari.com\/index.php?rest_route=%2Fwp%2Fv2%2Fproduct_brand&post=5823"},{"taxonomy":"product_cat","embeddable":true,"href":"https:\/\/www.yoreselgidapazari.com\/index.php?rest_route=%2Fwp%2Fv2%2Fproduct_cat&post=5823"},{"taxonomy":"product_tag","embeddable":true,"href":"https:\/\/www.yoreselgidapazari.com\/index.php?rest_route=%2Fwp%2Fv2%2Fproduct_tag&post=5823"}],"curies":[{"name":"wp","href":"https:\/\/api.w.org\/{rel}","templated":true}]}}