{"id":5827,"date":"2026-04-18T13:22:42","date_gmt":"2026-04-18T13:22:42","guid":{"rendered":"https:\/\/www.yoreselgidapazari.com\/?post_type=product&#038;p=5827"},"modified":"2026-04-18T13:22:42","modified_gmt":"2026-04-18T13:22:42","slug":"kare-kesme-eriste","status":"publish","type":"product","link":"https:\/\/www.yoreselgidapazari.com\/?product=kare-kesme-eriste","title":{"rendered":"Kare Kesme Eri\u015fte"},"content":{"rendered":"<p data-path-to-node=\"1\">Di\u011fer uzun \u015ferit eri\u015ftelerden farkl\u0131 olarak k\u00fc\u00e7\u00fck kareler (veya pullar) \u015feklinde kesilmi\u015flerdir. Bu \u00fcr\u00fcnle ilgili temel bilgiler \u015f\u00f6yledir:<\/p>\n<ul data-path-to-node=\"2\">\n<li>\n<p data-path-to-node=\"2,0,0\"><b data-path-to-node=\"2,0,0\" data-index-in-node=\"0\">Ad\u0131:<\/b> \u00c7orbal\u0131k Kesme, Kare Eri\u015fte veya Mant\u0131 Kesmesi (baz\u0131 y\u00f6relerde \u00e7orbal\u0131k mant\u0131 olarak da ge\u00e7er).<\/p>\n<\/li>\n<li>\n<p data-path-to-node=\"2,1,0\"><b data-path-to-node=\"2,1,0\" data-index-in-node=\"0\">Kullan\u0131m\u0131:<\/b> Genellikle mercimek \u00e7orbas\u0131, yo\u011furtlu \u00e7orbalar (yayla \u00e7orbas\u0131 gibi) veya sal\u00e7al\u0131 sulu yemeklerin i\u00e7ine eklenerek t\u00fcketilir. Ayr\u0131ca sade olarak ha\u015flan\u0131p yo\u011furtlu\/soslu makarna gibi de haz\u0131rlanabilir.<\/p>\n<\/li>\n<li>\n<p data-path-to-node=\"2,2,0\"><b data-path-to-node=\"2,2,0\" data-index-in-node=\"0\">Yap\u0131s\u0131:<\/b> Geleneksel y\u00f6ntemle haz\u0131rlanan hamurun kurutulup k\u00fc\u00e7\u00fck kareler halinde kesilmesiyle elde edilen, besleyici ve doyurucu bir \u00fcr\u00fcnd\u00fcr.<\/p>\n<\/li>\n<\/ul>\n","protected":false},"excerpt":{"rendered":"<p>Di\u011fer uzun \u015ferit eri\u015ftelerden farkl\u0131 olarak k\u00fc\u00e7\u00fck kareler (veya pullar) \u015feklinde kesilmi\u015flerdir. Bu \u00fcr\u00fcnle ilgili temel bilgiler \u015f\u00f6yledir: Ad\u0131: \u00c7orbal\u0131k Kesme, Kare Eri\u015fte veya Mant\u0131 Kesmesi (baz\u0131 y\u00f6relerde \u00e7orbal\u0131k mant\u0131 olarak da ge\u00e7er). Kullan\u0131m\u0131: Genellikle mercimek \u00e7orbas\u0131, yo\u011furtlu \u00e7orbalar (yayla \u00e7orbas\u0131 gibi) veya sal\u00e7al\u0131 sulu yemeklerin i\u00e7ine eklenerek t\u00fcketilir. Ayr\u0131ca sade olarak ha\u015flan\u0131p yo\u011furtlu\/soslu makarna [&hellip;]<\/p>\n","protected":false},"featured_media":5828,"comment_status":"open","ping_status":"closed","template":"","meta":{"_uag_custom_page_level_css":"","site-sidebar-layout":"default","site-content-layout":"","ast-site-content-layout":"default","site-content-style":"default","site-sidebar-style":"default","ast-global-header-display":"","ast-banner-title-visibility":"","ast-main-header-display":"","ast-hfb-above-header-display":"","ast-hfb-below-header-display":"","ast-hfb-mobile-header-display":"","site-post-title":"","ast-breadcrumbs-content":"","ast-featured-img":"","footer-sml-layout":"","ast-disable-related-posts":"","theme-transparent-header-meta":"default","adv-header-id-meta":"","stick-header-meta":"","header-above-stick-meta":"","header-main-stick-meta":"","header-below-stick-meta":"","astra-migrate-meta-layouts":"set","ast-page-background-enabled":"default","ast-page-background-meta":{"desktop":{"background-color":"","background-image":"","background-repeat":"repeat","background-position":"center center","background-size":"auto","background-attachment":"scroll","background-type":"","background-media":"","overlay-type":"","overlay-color":"","overlay-opacity":"","overlay-gradient":""},"tablet":{"background-color":"","background-image":"","background-repeat":"repeat","background-position":"center center","background-size":"auto","background-attachment":"scroll","background-type":"","background-media":"","overlay-type":"","overlay-color":"","overlay-opacity":"","overlay-gradient":""},"mobile":{"background-color":"","background-image":"","background-repeat":"repeat","background-position":"center center","background-size":"auto","background-attachment":"scroll","background-type":"","background-media":"","overlay-type":"","overlay-color":"","overlay-opacity":"","overlay-gradient":""}},"ast-content-background-meta":{"desktop":{"background-color":"var(--ast-global-color-5)","background-image":"","background-repeat":"repeat","background-position":"center center","background-size":"auto","background-attachment":"scroll","background-type":"","background-media":"","overlay-type":"","overlay-color":"","overlay-opacity":"","overlay-gradient":""},"tablet":{"background-color":"var(--ast-global-color-5)","background-image":"","background-repeat":"repeat","background-position":"center center","background-size":"auto","background-attachment":"scroll","background-type":"","background-media":"","overlay-type":"","overlay-color":"","overlay-opacity":"","overlay-gradient":""},"mobile":{"background-color":"var(--ast-global-color-5)","background-image":"","background-repeat":"repeat","background-position":"center center","background-size":"auto","background-attachment":"scroll","background-type":"","background-media":"","overlay-type":"","overlay-color":"","overlay-opacity":"","overlay-gradient":""}}},"product_brand":[],"product_cat":[25,15],"product_tag":[],"class_list":{"0":"post-5827","1":"product","2":"type-product","3":"status-publish","4":"has-post-thumbnail","6":"product_cat-eriste-makarnalar","7":"product_cat-genel","8":"desktop-align-center","9":"tablet-align-center","10":"mobile-align-center","12":"first","13":"instock","14":"shipping-taxable","15":"purchasable","16":"product-type-simple"},"uagb_featured_image_src":{"full":["https:\/\/www.yoreselgidapazari.com\/wp-content\/uploads\/2026\/04\/2.jpeg",1599,899,false],"thumbnail":["https:\/\/www.yoreselgidapazari.com\/wp-content\/uploads\/2026\/04\/2-150x150.jpeg",150,150,true],"medium":["https:\/\/www.yoreselgidapazari.com\/wp-content\/uploads\/2026\/04\/2-300x169.jpeg",300,169,true],"medium_large":["https:\/\/www.yoreselgidapazari.com\/wp-content\/uploads\/2026\/04\/2-768x432.jpeg",768,432,true],"large":["https:\/\/www.yoreselgidapazari.com\/wp-content\/uploads\/2026\/04\/2-1024x576.jpeg",1024,576,true],"1536x1536":["https:\/\/www.yoreselgidapazari.com\/wp-content\/uploads\/2026\/04\/2-1536x864.jpeg",1536,864,true],"2048x2048":["https:\/\/www.yoreselgidapazari.com\/wp-content\/uploads\/2026\/04\/2.jpeg",1599,899,false],"woocommerce_thumbnail":["https:\/\/www.yoreselgidapazari.com\/wp-content\/uploads\/2026\/04\/2-300x300.jpeg",300,300,true],"woocommerce_single":["https:\/\/www.yoreselgidapazari.com\/wp-content\/uploads\/2026\/04\/2-600x337.jpeg",600,337,true],"woocommerce_gallery_thumbnail":["https:\/\/www.yoreselgidapazari.com\/wp-content\/uploads\/2026\/04\/2-100x100.jpeg",100,100,true]},"uagb_author_info":{"display_name":"yoreselgida","author_link":"https:\/\/www.yoreselgidapazari.com\/?author=0"},"uagb_comment_info":0,"uagb_excerpt":"Di\u011fer uzun \u015ferit eri\u015ftelerden farkl\u0131 olarak k\u00fc\u00e7\u00fck kareler (veya pullar) \u015feklinde kesilmi\u015flerdir. Bu \u00fcr\u00fcnle ilgili temel bilgiler \u015f\u00f6yledir: Ad\u0131: \u00c7orbal\u0131k Kesme, Kare Eri\u015fte veya Mant\u0131 Kesmesi (baz\u0131 y\u00f6relerde \u00e7orbal\u0131k mant\u0131 olarak da ge\u00e7er). Kullan\u0131m\u0131: Genellikle mercimek \u00e7orbas\u0131, yo\u011furtlu \u00e7orbalar (yayla \u00e7orbas\u0131 gibi) veya sal\u00e7al\u0131 sulu yemeklerin i\u00e7ine eklenerek t\u00fcketilir. Ayr\u0131ca sade olarak ha\u015flan\u0131p yo\u011furtlu\/soslu makarna&hellip;","jetpack_sharing_enabled":true,"_links":{"self":[{"href":"https:\/\/www.yoreselgidapazari.com\/index.php?rest_route=\/wp\/v2\/product\/5827","targetHints":{"allow":["GET"]}}],"collection":[{"href":"https:\/\/www.yoreselgidapazari.com\/index.php?rest_route=\/wp\/v2\/product"}],"about":[{"href":"https:\/\/www.yoreselgidapazari.com\/index.php?rest_route=\/wp\/v2\/types\/product"}],"replies":[{"embeddable":true,"href":"https:\/\/www.yoreselgidapazari.com\/index.php?rest_route=%2Fwp%2Fv2%2Fcomments&post=5827"}],"wp:featuredmedia":[{"embeddable":true,"href":"https:\/\/www.yoreselgidapazari.com\/index.php?rest_route=\/wp\/v2\/media\/5828"}],"wp:attachment":[{"href":"https:\/\/www.yoreselgidapazari.com\/index.php?rest_route=%2Fwp%2Fv2%2Fmedia&parent=5827"}],"wp:term":[{"taxonomy":"product_brand","embeddable":true,"href":"https:\/\/www.yoreselgidapazari.com\/index.php?rest_route=%2Fwp%2Fv2%2Fproduct_brand&post=5827"},{"taxonomy":"product_cat","embeddable":true,"href":"https:\/\/www.yoreselgidapazari.com\/index.php?rest_route=%2Fwp%2Fv2%2Fproduct_cat&post=5827"},{"taxonomy":"product_tag","embeddable":true,"href":"https:\/\/www.yoreselgidapazari.com\/index.php?rest_route=%2Fwp%2Fv2%2Fproduct_tag&post=5827"}],"curies":[{"name":"wp","href":"https:\/\/api.w.org\/{rel}","templated":true}]}}